ctor of 68 and 102.
34
What is the highest common factor of 2600 and 455?
65
What is the highest common factor of 52 and 20878?
26
What is the highest common factor of 40 and 710?
10
What is the greatest common divisor of 1 and 141?
1
Calculate the highest common factor of 8 and 40.
8
Calculate the highest common factor of 8 and 34.
2
Calculate the highest common factor of 2416 and 136.
8
What is the greatest common factor of 184 and 8?
8
What is the highest common divisor of 60 and 36?
12
What is the highest common factor of 4032 and 168?
168
What is the greatest common divisor of 9443 and 1064?
133
What is the greatest common divisor of 68 and 170?
34
Calculate the highest common divisor of 738 and 144.
18
What is the greatest common divisor of 1813 and 37?
37
What is the greatest common factor of 442 and 182?
26
Calculate the highest common factor of 2032 and 4.
4
Calculate the highest common divisor of 135 and 144.
9
Calculate the greatest common factor of 95 and 3553.
19
Calculate the greatest common factor of 9 and 321.
3
What is the highest common factor of 60 and 2580?
60
What is the greatest common factor of 1 and 8?
1
What is the greatest common factor of 60 and 960?
60
Calculate the highest common factor of 9 and 33.
3
Calculate the highest common divisor of 132 and 39369.
33
Calculate the greatest common factor of 48 and 16.
16
Calculate the highest common factor of 247 and 19.
19
Calculate the highest common divisor of 13181 and 49.
49
Calculate the highest common factor of 7 and 175.
7
Calculate the greatest common factor of 164 and 779.
41
Calculate the highest common divisor of 1817 and 161.
23
Calculate the greatest common divisor of 88 and 2860.
44
What is the greatest common factor of 200 and 550?
50
What is the greatest common factor of 1519 and 341?
31
What is the greatest common divisor of 42 and 16338?
42
Calculate the greatest common factor of 22 and 671.
11
What is the greatest common divisor of 216 and 24?
24
Calculate the highest common divisor of 533 and 369.
41
Calculate the highest common divisor of 49 and 12544.
49
What is the greatest common factor of 295 and 1357?
59
Calculate the highest common factor of 78 and 13.
13
What is the highest common factor of 255 and 170?
85
Calculate the greatest common divisor of 1793 and 11.
11
What is the highest common divisor of 93 and 7595?
31
Calculate the highest common factor of 7090 and 30.
10
Calculate the highest common divisor of 46 and 6302.
46
What is the highest common divisor of 357 and 21?
21
Calculate the highest common factor of 441 and 18.
9
Calculate the greatest common factor of 270 and 75.
15
Calculate the highest common factor of 10 and 230.
10
Calculate the greatest common factor of 110 and 5.
5
What is the highest common factor of 6681 and 255?
51
Calculate the highest common factor of 2119 and 91.
13
Calculate the highest common factor of 126 and 2184.
42
Calculate the greatest common factor of 84 and 308.
28
What is the highest common factor of 492 and 328?
164
What is the highest common factor of 51 and 221?
17
What is the greatest common factor of 2370 and 20?
10
What is the highest common factor of 200 and 250?
50
Calculate the greatest common divisor of 8 and 16.
8
What is the highest common divisor of 387 and 731?
43
Calculate the greatest common factor of 80 and 70480.
80
What is the highest common factor of 4278 and 69?
69
What is the highest common factor of 11 and 6809?
11
Calculate the highest common divisor of 92 and 874.
46
What is the highest common divisor of 1118 and 286?
26
What is the greatest common divisor of 30870 and 90?
90
What is the greatest common divisor of 477 and 81?
9
What is the highest common divisor of 841 and 58?
29
What is the highest common divisor of 85 and 17?
17
Calculate the greatest common divisor of 99 and 77.
11
What is the highest common divisor of 8440 and 5?
5
What is the greatest common factor of 44 and 40084?
44
Calculate the greatest common divisor of 183 and 305.
61
What is the highest common factor of 13 and 51?
1
Calculate the highest common factor of 55 and 13365.
55
Calculate the highest common divisor of 35 and 91.
7
Calculate the greatest common factor of 1875 and 165.
15
Calculate the greatest common factor of 8137 and 632.
79
Calculate the greatest common factor of 10 and 1490.
10
What is the highest common factor of 110 and 5302?
22
Calculate the highest common factor of 1215 and 165.
15
What is the highest common factor of 153 and 27?
9
Calculate the highest common divisor of 15 and 24.
3
What is the greatest common divisor of 462 and 252?
42
What is the greatest common factor of 60 and 36?
12
What is the greatest common factor of 236 and 4?
4
What is the highest common divisor of 287 and 42763?
287
Calculate the greatest common factor of 414 and 1728.
18
Calculate the highest common factor of 80 and 8240.
80
What is the greatest common factor of 403 and 93?
31
What is the greatest common factor of 6 and 16?
2
What is the greatest common factor of 47 and 752?
47
Calculate the greatest common divisor of 3 and 1239.
3
Calculate the highest common factor of 26 and 234.
26
Calculate the greatest common divisor of 234 and 18.
18
What is the greatest common divisor of 9734 and 62?
62
Calculate the greatest common factor of 1127 and 98.
49
Calculate the greatest common divisor of 29 and 5.
1
Calculate the greatest common divisor of 13636 and 28.
28
Calculate the highest common divisor of 75 and 25.
25
Calculate the greatest common factor of 627 and 33.
33
What is the highest common divisor of 186 and 992?
62
What is the greatest common factor of 816 and 12784?
272
What is the highest common divisor of 7 and 99?
1
Calculate the greatest common divisor of 77 and 532.
7
What is the greatest common divisor of 20 and 580?
20
What is the greatest common divisor of 1484 and 159?
53
Calculate the highest common factor of 38698 and 22.
22
Calculate the greatest common factor of 50 and 1175.
25
Calculate the highest common divisor of 3726 and 184.
46
Calculate the highest common factor of 103 and 4.
1
Calculate the greatest common divisor of 494 and 76.
38
What is the highest common factor of 81 and 378?
27
What is the greatest common factor of 253 and 9476?
23
What is the highest common factor of 153 and 17?
17
Calculate the highest common factor of 540 and 756.
108
What is the highest common factor of 54 and 42?
6
Calculate the highest common divisor of 675 and 30.
15
What is the highest common divisor of 8 and 2696?
8
Calculate the greatest common factor of 36 and 243.
9
What is the highest common divisor of 462 and 330?
66
Calculate the highest common factor of 1 and 259.
1
What is the greatest common factor of 26410 and 190?
190
Calculate the highest common divisor of 539 and 49.
49
Calculate the highest common divisor of 430 and 2.
2
What is the greatest common divisor of 3 and 1?
1
Calculate the greatest common factor of 56 and 266.
14
What is the highest common divisor of 7914 and 18?
6
Calculate the greatest common divisor of 10590 and 30.
30
What is the highest common divisor of 19 and 1957?
19
What is the highest common factor of 209 and 11?
11
What is the greatest common divisor of 133 and 323?
19
Calculate the highest common divisor of 63 and 225.
9
What is the highest common factor of 580 and 20?
20
What is the greatest common factor of 1131 and 725?
29
What is the highest common divisor of 952 and 112?
56
What is the highest common divisor of 8 and 2428?
4
Calculate the greatest common divisor of 603 and 270.
9
What is the greatest common factor of 374 and 1581?
17
Calculate the highest common divisor of 180 and 250.
10
Calculate the greatest common factor of 3634 and 46.
46
What is the highest common factor of 1380 and 2700?
60
Calculate the greatest common factor of 1722 and 24.
6
What is the highest common divisor of 507 and 3?
3
What is the greatest common divisor of 61576 and 344?
344
What is the highest common factor of 1269 and 54?
27
What is the highest common divisor of 8679 and 526?
263
What is the highest common factor of 1197 and 63?
63
Calculate the greatest common factor of 1781 and 13.
13
What is the greatest common divisor of 16 and 1?
1
What is the highest common factor of 9